Let r(x) = 7*x**3 + 18*x**2 + 5*x - 6. Let c(z) = -5*i(z) - 3*r(z). Determine c(-9).
3
Let u(k) be the first derivative of k**2/2 + 5*k + 375. What is u(7)?
12
Let o(p) = 4 - 89*p + 16 + 98*p - 2. Let i(k) = -5*k - 9. Let w(d) = -7*i(d) - 4*o(d). Calculate w(0).
-9
Let i(g) = -g**2 - 8*g - 5. Suppose 24 = 3*f - 2*j - j, -f - 5*j - 10 = 0. Suppose -z + 7 + f = 0. Suppose -7*a = -4*a + z. Give i(a).
11
Let j be -1*2 + (-20)/(-10). Let d(m) = m**2 + 1. Let x be d(j). Let h(i) = 4*i**3 - 2*i**2 + 2*i - 1. Give h(x).
3
Suppose 0 = 3*h - 1 - 14. Suppose h*w - 10 = 5. Let b(y) = -3 - 2*y**3 - 2*y**3 + y + 3*y**2 + 3*y**3. Determine b(w).
0
Let p(l) be the second derivative of l**3/3 + 5*l**2 + 2*l + 10. What is p(-8)?
-6
Let g = 119 + -115. Let h(b) = 5*b + 0*b - b**2 + b + 3 - g*b. Determine h(5).
-12
Let l(u) = u - 1. Suppose g - 2*t - 28 = -2*g, -g = -t - 9. Let o(c) = 6*c - 5. Let v(f) = g*l(f) - 2*o(f). Let j = -6 - -9. What is v(j)?
-6
Let z(x) = -x + 2. Let w = 250 - 248. Calculate z(w).
0
Let x(v) be the third derivative of 0*v + 5*v**2 - 1/60*v**5 + 5/6*v**3 + 1/8*v**4 + 0. Suppose -11*d = -8*d - 12. What is x(d)?
1
Let m(w) be the third derivative of w**6/120 + w**5/12 - w**4/24 + w**3/3 - w**2. Suppose -38*p = -28*p + 50. Calculate m(p).
7
Let c(m) be the second derivative of m**5/4 + m**4/6 + m**2/2 - 122*m. Give c(-2).
-31
Let u(c) = 4*c**2 + 56*c - 6. Let k be u(-14). Let r(x) = -x**2 - 2*x - 9. Determine r(k).
-33
Let y = 172 - 172. Let u(i) = i**2 - 7. What is u(y)?
-7
Let q(j) = 2*j**3 - 2*j + 2. Let d(m) = m**2 - 6*m - 14. Let w(x) = 13*x + 2. Let r be w(-1). Let t be -2 + 3 + -4 - r. Let n be d(t). Determine q(n).
14
Let t(g) be the first derivative of -8*g**3/3 + g - 70. Give t(1).
-7
Let a(p) = -7*p - 3. Let n(z) = 6*z + 5. Let o(k) = -3*a(k) - 2*n(k). Let i(t) = -t**3 - 12*t**2 - 14*t - 32. Let l be i(-11). What is o(l)?
8
Let t(d) = d**2 - 5*d + 6. Let q be t(4). Let z(x) = x + 0 + 1 + 2*x**q - x**2. Suppose 6 = -n + 3. Give z(n).
7
Let p(b) = -b + 2. Let u be p(5). Let r be 2 + u - 1 - 1. Let y(v) = -2*v - 2. Let s(w) = 13*w + 8. Let k(f) = -s(f) - 6*y(f). Calculate k(r).
7
Let r(y) = -11*y**3 + 3*y - 2. Let c = -8 - -9. Determine r(c).
-10
Let h be -1 + -18*-1*(-8)/(-24). Let u(a) = 3*a - 10. What is u(h)?
5
Let z = 206 - 211. Let f(r) = -2*r - 7. Calculate f(z).
3
Let p(w) = -3*w**2 + 3*w + 2. Let j(z) = -4*z**2 + 5*z + 3. Let t(l) = -3*j(l) + 5*p(l). Suppose 3*s = 4*s - 2. Give t(s).
-11
Let a(g) = -1. Let w(m) = -2*m + 5. Let n(k) = -a(k) - w(k). Give n(3).
2
Let g(b) = -4*b**2 + 2*b - 9. Let c(k) = -3*k**2 + k - 8. Let s(o) = -5*c(o) + 4*g(o). Let q be -1 - 2/((-4)/10). Determine s(q).
0
Let r(l) be the first derivative of -l**3/3 - 7*l**2/2 - 6*l - 41. Suppose -1 = -3*z + 2*q + 8, z - q - 3 = 0. Suppose z = -n - 1. What is r(n)?
6
Let f(x) = -10*x. Suppose 2*c = -o + 170, -4*o = -3*c + 44 + 222. Let z = c + -85. Determine f(z).
-10
Let h(g) = -5 - 4*g**2 + 21*g - 8*g - 3*g. Let m(q) = 3*q**2 - 9*q + 5. Let l(t) = 2*h(t) + 3*m(t). Give l(4).
-7
Let m(k) = k**3 + 25*k**2 - 25*k + 19. Let w be m(-26). Let d(x) = x**3 + 8*x**2 + 8*x + 3. Let q be d(w). Let h(r) = -4*r - 2 - 5 + 2. Determine h(q).
11
Let g(q) = -q**2 - 23*q. Let r(l) = -l**2 - 24*l. Let u(j) = 7*g(j) - 6*r(j). Let y be u(-17). Let m(d) = -7 + 4*d - d**2 + 2 - 5*d. Determine m(y).
-5
Let v(j) = -1896*j - 6*j**2 - 3 + 1889*j + 5*j**2. Calculate v(-5).
7
Suppose 45 = 2*y + 41. Let v(g) = -2*g + 8*g**y + 16*g**2 - 25*g**2 - 3*g + 5. Determine v(-6).
-1
Let r be (-2)/6 - (-4)/(-6). Let v(p) = -5*p + 1. What is v(r)?
6
Let q(o) = -4*o**3 + o**2 - o + 4. Let m(i) = -11*i**3 + 4*i**2 - 2*i + 11. Let w(g) = -3*m(g) + 8*q(g). Calculate w(4).
-9
Let c(x) = -x - 1. Let p(v) = -v - 5. Let k(l) = 2*c(l) - p(l). Give k(3).
0
Let c(t) = -t**2 + 7*t - 1. Let l(d) = -d**2 - 6*d - 2. Let h(v) = -4*v + 20. Let x be h(6). Let m be l(x). Determine c(m).
5
Suppose -3*s = 3*w - 27, -48*s - w - 3 = -50*s. Let d(m) be the first derivative of m**4/4 - 5*m**3/3 - m**2/2 + 5*m + 2. What is d(s)?
-15
Let o(d) = -d**3 - 7*d**2 + 9*d + 14. Suppose 1667 - 1723 = 7*l. What is o(l)?
6
Suppose 5*i + 32 - 7 = 0. Let p(j) be the first derivative of -3*j**2 - 1/4*j**4 - 2*j**3 + 0*j + 19. Give p(i).
5
Let p(m) = -10*m - 8. Let a(s) be the second derivative of 29*s**3/6 + 23*s**2/2 - 4*s. Let u(i) = 6*a(i) + 17*p(i). Calculate u(-3).
-10
Let k = 10 + -16. Let l be k + 6 - (-1 - -2)*-3. Let c(n) = 3*n + 2. Determine c(l).
11
Let p(u) = -14*u**3 - 55*u**2 + 18*u - 41. Let k(y) = -5*y**3 - 19*y**2 + 6*y - 14. Let d(f) = 17*k(f) - 6*p(f). Let o = -3 + 9. Calculate d(o).
8
Let z(s) = -6*s**2 + 6 - 22*s**3 + 5*s - 15*s**3 + 38*s**3. Calculate z(5).
6
Let c be ((-33)/(-9) + 3)*51/68. Let u(f) = f**2 - f + 1. Let b(h) = -5*h**2 + 9*h + 1. Let z(r) = b(r) + 4*u(r). Give z(c).
5
Let f(z) = -9*z**3 - z**2 - 5*z - 4. Let n be f(-1). Let p be ((-3)/2)/(n/(-30)). Let t(d) = -d + 6. Give t(p).
1
Let t(j) = j + 18. Let c(n) = -2. Let o(a) = 4*c(a) + t(a). Calculate o(0).
10
Let k(v) be the second derivative of v**4/6 - 4*v**3/3 + 3*v**2 - 3*v + 36. What is k(7)?
48
Let n = 13 - 7. Let y(s) = s + 1. Let f(w) be the second derivative of -3*w**3/2 - 9*w**2/2 - w. Let r(g) = n*y(g) + f(g). Determine r(-4).
9
Let c(z) = -16*z - 5. Suppose 5*p = 18*p + 52. Calculate c(p).
59
Let y(k) = 10*k**2 - 14*k + 38. Let l(f) = 7*f**2 - 9*f + 25. Let w(j) = 7*l(j) - 5*y(j). Calculate w(6).
-9
Let c(n) = 34*n - 19*n - n**2 - 3*n - 5*n - 4*n. Determine c(3).
0
Let u be (-9)/((-36)/272) + 1. Let z(w) = -u + 65 + 2*w - w. What is z(-4)?
-8
Let b(u) = u**3 - 6*u**2 + 7. Let h(l) = -l**2 + 2*l + 8. Let q be h(-5). Let y be q/18*(1 - 5). Determine b(y).
7
Let r(c) be the third derivative of -c**6/120 + c**5/5 + 13*c**4/24 - 7*c**3/3 + 2*c**2 - 41. What is r(13)?
-14
Let n(m) = -81*m**3 + m + 80*m**3 - 4 + m + 3*m**2. Determine n(3).
2
Let r = -14 + -22. Let y = r + 40. Let d(v) = -v**2 + 4*v + 5. Determine d(y).
5
Let l(k) = -8*k - 29. Let w(q) = 4*q + 15. Let z(t) = 6*l(t) + 11*w(t). Let r(b) = -2*b - 4. Let f(a) = -7*r(a) + 3*z(a). What is f(2)?
5
Let p(n) be the third derivative of -n**4/24 - n**2 - 123. Calculate p(7).
-7
Let c(w) = w + 1. Suppose 0 = 4*q - 1 - 3. Let b be 3 - 7 - (-20 + q). Let y = 20 - b. What is c(y)?
6
Let q = -30 + 32. Let t(y) = -2*y**q + 9*y**2 - 5*y - 6*y**2 + 3. Calculate t(4).
-1
Let y be (6/10)/((-1)/(-5)). Suppose 0 = -y*g + 104 - 83. Let w(u) = u**3 - 6*u**2 - 7*u - 6. Give w(g).
-6
Let a(i) = i**3 - 12*i**2 + 6*i - 12. Let d(y) = 2*y**3 - 24*y**2 + 9*y - 26. Let l(h) = 5*a(h) - 2*d(h). What is l(11)?
3
Let g(y) = 2*y**2 - 4*y - 1. Let c be 114/(-10) - (-8)/20. Let x = c + 14. Calculate g(x).
5
Let l(r) = 15*r - 3. Let p(c) = 5*c - 1. Let h(j) = -2*l(j) + 7*p(j). Let y(m) = -2*m - 10. Let n be y(-9). Suppose n = -b + 11. What is h(b)?
14
Suppose 0 = -3*i + r - 6, 4*i = r + 1 - 10. Let w(b) = 9*b + 4. Calculate w(i).
-23
Let a(u) be the third derivative of u**4/12 + 5*u**3/6 + u**2. Suppose -19*v = -38 - 3 - 54. What is a(v)?
15
Let v be ((-57)/(-5))/(2/10). Suppose -v = -3*l - 15. Let b be (-7)/l + (-2)/4. Let w(f) = -8*f + 1. Give w(b).
9
Let a(j) = -j**3 - 6*j**2 - 5*j - 4. Let m be 3/15 - (-1)/(-5). Suppose -x - 2 + 7 = m. Suppose 16 = -4*z, 3*t - 5*t - 30 = x*z. Determine a(t).
-4
Let u(q) be the first derivative of -1/2*q**2 + 17 + 9*q. Calculate u(7).
2
Let l(w) = w + 10. Let o be (-1 - (-12)/(-3)) + 5. Suppose -5*r + 15 = o, -4*r + 6 = -b - 20. Give l(b).
-4
Let k = 29 + -12. Let t = k + -22. Let p(c) = -5*c**2 - 4*c - 7. Let n(v) = 4*v**2 + 3*v + 7. Let q(f) = -6*n(f) - 5*p(f). Calculate q(t).
8
Let g = 1129 + -1127. Let s(l) = -l**3 + 4. Calculate s(g).
-4
Let i = 10 - 4. Let q(u) be the first derivative of u**3/3 - 2*u**2 + 4*u - 213. Determine q(i).
16
Let c = -20 - -62. Let h(p) = -c*p - 1 + 48*p + 4 + p**2. Determine h(-5).
-2
Let q(r) = r - 8. Let k(s) = s**2 - 8*s + 1. Let c be k(7). Let a be c/9 + 64/(-12). Calculate q(a).
-14
Let h(p) = -p**3 + p**2 + 4*p. Let w be 2 + (8/36 - 114/27). Let i be (1/((-13)/6 + 2))/w. Determine h(i).
-6
Let v be (2 + (-48)/15)/(99/330). Let z(f) be the second derivative of -f**5/20 - f**4/2 - f**3/6 + 3*f**2/2 + f. Determine z(v).
-25
Let d(g) = -g**3 